{"id":490,"date":"2014-06-18T11:42:36","date_gmt":"2014-06-18T09:42:36","guid":{"rendered":"http:\/\/www.tripet.com\/?page_id=490"},"modified":"2014-09-26T16:08:24","modified_gmt":"2014-09-26T14:08:24","slug":"leistungen","status":"publish","type":"page","link":"https:\/\/www.tripet.com\/?page_id=490","title":{"rendered":"LEISTUNGEN"},"content":{"rendered":"<h1 style=\"text-align: justify;\"><\/h1>\n<h4>ARCHITEKTUR<\/h4>\n<p style=\"text-align: justify;\">Wir begleiten Bauvorhaben von der Idee bis zur schl\u00fcsselfertigen \u00dcbergabe. Oder unterst\u00fctzen die Bauherrschaft in einzelnen Teilbereichen. Immer detailgenau, termingerecht und kostenbewusst.<\/p>\n<h4 style=\"text-align: justify;\">VISUALISIERUNG<\/h4>\n<p style=\"text-align: justify;\">Im pers\u00f6nlichen Kontakt kl\u00e4ren wir das gegenseitige Verst\u00e4ndnis f\u00fcr die Bildsprache und setzen den Kern der Idee konzeptgerecht um. Wir entwerfen visuelle Welten, die f\u00fcr den Erfolg des Projekts ausschlaggebend sein k\u00f6nnen.<\/p>\n","protected":false},"excerpt":{"rendered":"<p>ARCHITEKTUR Wir begleiten Bauvorhaben von der Idee bis zur schl\u00fcsselfertigen \u00dcbergabe. Oder unterst\u00fctzen die Bauherrschaft in einzelnen Teilbereichen. Immer detailgenau, termingerecht und kostenbewusst. VISUALISIERUNG Im pers\u00f6nlichen Kontakt kl\u00e4ren wir das gegenseitige Verst\u00e4ndnis f\u00fcr die Bildsprache und setzen den Kern der Idee konzeptgerecht um. Wir entwerfen visuelle Welten, die f\u00fcr den Erfolg des Projekts ausschlaggebend sein [&hellip;]<\/p>\n","protected":false},"author":1,"featured_media":0,"parent":9,"menu_order":0,"comment_status":"open","ping_status":"open","template":"","meta":[],"acf":[],"_links":{"self":[{"href":"https:\/\/www.tripet.com\/index.php?rest_route=\/wp\/v2\/pages\/490"}],"collection":[{"href":"https:\/\/www.tripet.com\/index.php?rest_route=\/wp\/v2\/pages"}],"about":[{"href":"https:\/\/www.tripet.com\/index.php?rest_route=\/wp\/v2\/types\/page"}],"author":[{"embeddable":true,"href":"https:\/\/www.tripet.com\/index.php?rest_route=\/wp\/v2\/users\/1"}],"replies":[{"embeddable":true,"href":"https:\/\/www.tripet.com\/index.php?rest_route=%2Fwp%2Fv2%2Fcomments&post=490"}],"version-history":[{"count":27,"href":"https:\/\/www.tripet.com\/index.php?rest_route=\/wp\/v2\/pages\/490\/revisions"}],"predecessor-version":[{"id":1641,"href":"https:\/\/www.tripet.com\/index.php?rest_route=\/wp\/v2\/pages\/490\/revisions\/1641"}],"up":[{"embeddable":true,"href":"https:\/\/www.tripet.com\/index.php?rest_route=\/wp\/v2\/pages\/9"}],"wp:attachment":[{"href":"https:\/\/www.tripet.com\/index.php?rest_route=%2Fwp%2Fv2%2Fmedia&parent=490"}],"curies":[{"name":"wp","href":"https:\/\/api.w.org\/{rel}","templated":true}]}}